3 a composite number?
True
Is 357639509 prime?
True
Is 47906941079 a prime number?
False
Is 10974597079 prime?
True
Is 22215866669 a prime number?
True
Is 6526042997 a prime number?
False
Is 34556630189 a composite number?
True
Is 18029741791 composite?
True
Is 19259069 prime?
True
Is 1057901591 a prime number?
True
Is 7609007589 a prime number?
False
Is 3372532978 prime?
False
Is 4518990919 a prime number?
True
Is 386808281 a composite number?
True
Is 6538970153 prime?
False
Is 1728261671 composite?
False
Is 780258337 a composite number?
False
Is 35085898903 composite?
True
Is 33792088649 prime?
False
Is 723176341 a composite number?
True
Is 52783232273 prime?
False
Is 217345229 composite?
False
Is 7433785083 composite?
True
Is 183765578519 composite?
False
Is 402252883 a composite number?
False
Is 32389355143 prime?
True
Is 14622777773 a prime number?
True
Is 59451778381 a prime number?
False
Is 2307116153 a composite number?
False
Is 3385005647 a composite number?
False
Is 29964456077 composite?
False
Is 8834480023 composite?
True
Is 2618322883 a prime number?
False
Is 94829986301 a composite number?
True
Is 2156830303 a composite number?
False
Is 11447132239 composite?
False
Is 604729019 composite?
True
Is 4040600737 a prime number?
False
Is 172274264893 composite?
False
Is 169292447 composite?
True
Is 492835111 composite?
False
Is 327019919 a prime number?
True
Is 927424867 a composite number?
False
Is 1414715791 a prime number?
False
Is 2820360401 composite?
True
Is 1814572127 a composite number?
False
Is 1741154383 prime?
False
Is 344020909 prime?
True
Is 12874020409 a prime number?
True
Is 1245254711 a composite number?
False
Is 263885759 a prime number?
True
Is 17855328047 a prime number?
True
Is 23881157659 a composite number?
False
Is 5991869967 prime?
False
Is 3515885969 a prime number?
False
Is 1942509601 a prime number?
False
Is 3018784389 a composite number?
True
Is 1317943741 a composite number?
True
Is 342193853 prime?
True
Is 16492115699 a prime number?
True
Is 30671983547 a prime number?
True
Is 101035747 composite?
False
Is 1090027129 composite?
True
Is 7153502669 a composite number?
False
Is 3757213973 a prime number?
True
Is 2134301783 a composite number?
False
Is 194317263559 composite?
False
Is 3725797421 a composite number?
False
Is 1175064874 prime?
False
Is 36286941061 a prime number?
False
Is 2278271237 prime?
False
Is 4715348357 prime?
True
Is 90158999647 composite?
False
Is 35204134555 prime?
False
Is 82656509393 prime?
False
Is 20301351797 composite?
False
Is 416378105117 a prime number?
False
Is 14035351189 prime?
False
Is 37175707 a prime number?
True
Is 65961064853 a composite number?
False
Is 35913799 a composite number?
False
Is 8039779619 a composite number?
True
Is 847278507 composite?
True
Is 93737594287 composite?
True
Is 6720734857 a composite number?
True
Is 46260937 a prime number?
True
Is 11034430201 a prime number?
True
Is 664368139 a composite number?
True
Is 1488239957 a prime number?
True
Is 694672991 a composite number?
True
Is 419528203 prime?
True
Is 3013017281 composite?
False
Is 99673661 prime?
True
Is 76930849 a composite number?
False
Is 8608674901 a prime number?
False
Is 1301472593 composite?
True
Is 40994147683 a prime number?
True
Is 6796965803 prime?
False
Is 283544323 composite?
False
Is 168798739 composite?
False
Is 1655039933 prime?
False
Is 40420255607 a prime number?
True
Is 741150913 a composite number?
True
Is 398995507 a composite number?
False
Is 35638641551 prime?
True
Is 910472333 a prime number?
True
Is 69965474281 a composite number?
True
Is 329579963 a composite number?
False
Is 497718451 a composite number?
True
Is 2160473995 composite?
True
Is 356378894906 composite?
True
Is 10298457181 prime?
False
Is 97474617557 composite?
False
Is 148218527 a prime number?
False
Is 8905644829 composite?
True
Is 1499741261 prime?
True
Is 12403789383 a composite number?
True
Is 11448694547 composite?
True
Is 4713957923 a prime number?
True
Is 408370577 prime?
True
Is 714049831 composite?
True
Is 766624003 a composite number?
True
Is 766581367 composite?
True
Is 63493316839 prime?
False
Is 2222210257 a prime number?
True
Is 3098095127 prime?
True
Is 4808682743 a prime number?
True
Is 129537131 composite?
False
Is 563087786 composite?
True
Is 1489912491 composite?
True
Is 2936634817 a composite number?
False
Is 23497573937 prime?
False
Is 435210563 a composite number?
False
Is 1068611459 a composite number?
True
Is 6780705223 composite?
False
Is 2402170042 composite?
True
Is 119501316733 a composite number?
False
Is 7353268651 prime?
True
Is 1082863303 a prime number?
False
Is 2279317091 a prime number?
True
Is 108132796303 prime?
False
Is 7198637219 prime?
False
Is 421454203 a prime number?
True
Is 183406600007 composite?
True
Is 11827000597 a prime number?
True
Is 256893211 a prime number?
False
Is 6737671207 a prime number?
True
Is 1101111091 a composite number?
False
Is 1410854029 composite?
True
Is 92281527619 composite?
False
Is 5540353081 a composite number?
True
Is 13105694233 composite?
True
Is 3416441981 composite?
True
Is 369460747 prime?
True
Is 939672838045 a composite number?
True
Is 8763210877 a prime number?
True
Is 11917932319 a prime number?
True
Is 50280827 composite?
False
Is 316626194839 composite?
False
Is 501025067 a prime number?
False
Is 798629114 a prime number?
False
Is 929276983 a composite number?
False
Is 70878077 composite?
False
Is 54596795387 a prime number?
True
Is 1215856933 composite?
True
Is 177776897 a composite number?
True
Is 20476703 prime?
False
Is 4494954493 a composite number?
False
Is 20690897813 prime?
True
Is 64479917 a composite number?
True
Is 2876569547 a composite number?
True
Is 4305676079 a prime number?
False
Is 2380311091 a prime number?
True
Is 106131809779 composite?
True
Is 3105923707 composite?
True
Is 2857370521 a prime number?
False
Is 82971492619 composite?
False
Is 552843443 a composite number?
True
Is 112353075271 a prime number?
False
Is 912067039 composite?
True
Is 19073738947 prime?
False
Is 91232846897 a composite number?
True
Is 270349637 composite?
False
Is 51657141491 a prime number?
False
Is 21798958021 composite?
False
Is 32923359697 prime?
False
Is 2813483203 a composite number?
False
Is 55394604451 a prime number?
True
Is 88966666123 composite?
False
Is 25519090691 a prime number?
False
Is 7838732851 a prime number?
True
Is 29619679 composite?
False
Is 8685609 a composite number?
True
Is 772335059 a composite number?
True
Is 194356633 composite?
False
Is 773835211 a composite number?
True
Is 2550530839 prime?
True
Is 21565443439 composite?
True
Is 11433439057 prime?
True
Is 403035305551 a composite number?
False
Is 27550052293 composite?
False
Is 4331893451 prime?
True
Is 2554194707 a prime number?
True
Is 997808783 prime?
True
Is 74065021187 prime?
False
Is 160461949051 prime?
True
Is 4458407269 composite?
False
Is 33528265721 a prime number?
True
Is 15812725657 composite?
True
Is 190632791779 a prime number?
False
Is 5272638055 composite?
True
Is 21471899 prime?
True
Is 20546973914 composite?
True
Is 10244061577 a composite number?
True
Is 8086221163 composite?
False
Is 47770668311 composite?
False
Is 5940894419 composite?
False
Is 992159761 a prime number?
False
Is 210732143 a prime number?
False
Is 461746931 prime?
False
Is 29607737371 a composite number?
True
Is 85893069355 a composite number?
True
Is 56238549 a composite number?
True
Is 1988161793 prime?
True
Is 765284627 a composite number?
True
Is 2909204231 a composite number?
True
Is 1891316995 prime?
False
Is 25315299413 a prime number?
True
Is 14542349 a composite number?
False
Is 79836445461 prime?
False
Is 15663673373 a composite number?
True
Is 5249269 a prime number?
True
Is 13417045151 prime?
False
Is 995582365 composite?
True
Is 9038897743 composite?
True
Is 3016778357 a composite number?
True
Is 3091119103 a prime number?
True
Is 20467296643 prime?
False
Is 4114967127 composite?
True
Is 516079829 a composite number?
True
Is 6957574859 a composite number?
False
Is 2597850863 composite?
False
Is 309643241 prime?
True
Is 1519190293 composite?
False
Is 9917451867 a prime number?
False
Is 4097448149 composite?
False
Is 4365944201 prime?
False
I